 the tens digit of (q - -5)*(38 + 1)?
3
Suppose -4*f + y + 17775 = 0, 0 = 4*f + 5*y - 14905 - 2876. What is the thousands digit of f?
4
Let g(r) = -132*r + 6. Let h be g(-1). Suppose 16*u - h - 182 = 0. What is the units digit of u?
0
Let n(c) = -6*c - 9. Let l be n(-9). Let u = l - 16. What is the units digit of u?
9
Suppose 7857 + 9838 = 5*y - 5*z, -5*y - 7*z = -17659. What is the tens digit of y?
3
Let q = -439 - -1684. What is the thousands digit of q?
1
Let j = 2107 + -1149. What is the units digit of j?
8
Let h = 3628 - 2437. What is the tens digit of h?
9
Let y(c) = c**3 + 0 + 4*c + 3*c + 6 + 7*c**2. Let f be y(-6). Suppose 2*p - 92 = -4*v, f*p = -p. What is the units digit of v?
3
Let p be 3/6 + (-1413)/(-18). Suppose -p = -5*y + 2*u, -3*u = -0*y - 3*y + 51. What is the tens digit of (y/(-5))/(3/(-41))?
4
Let s = 813 - 494. What is the tens digit of s?
1
Suppose 3*n + 4*l = -43, -n - 21 = -0*n + 3*l. Let w = n + 13. What is the units digit of 18 + ((-16)/w - -6)?
0
Suppose -33*q + 8694 = 9*q. What is the tens digit of q?
0
Suppose -4*i + 25790 - 6501 = 5*s, 2*s = -4*i + 19298. What is the thousands digit of i?
4
Let z(a) = a**3 + 8*a**2 + 2*a - 10. Let r be z(-8). Let f be 2/((-16)/(-20))*2. Let g = f - r. What is the units digit of g?
1
Suppose 0 = -4*k + 16*p - 11*p + 4768, 2*k = -3*p + 2406. What is the tens digit of k?
9
What is the hundreds digit of ((-276)/(-16))/((-39)/(-416))?
1
What is the units digit of 23607/51 + (-8)/(-68)?
3
Suppose 3*q - 8*q + 15 = 0. Suppose 2*n = q*v + 36 - 104, -v + 31 = n. What is the units digit of v?
6
Let f = -35 + 38. Suppose -f*u + 5*u = 196. What is the units digit of u?
8
Let m(r) = 100*r + 82. What is the hundreds digit of m(4)?
4
Suppose 0 = 49*m - 13*m - 23040. What is the hundreds digit of m?
6
What is the hundreds digit of (-8231)/(-7) + (-8 - -7)/(-7)?
1
Let p(d) = 5 - 9 - d + 1. Let w be p(-6). Suppose -2*g + 5*u - u + 56 = 0, -w*u + 88 = 5*g. What is the tens digit of g?
2
Suppose 0 = 5*k - 5*d - 100 - 50, 0 = d + 4. Let p = -24 + k. What is the units digit of ((-1184)/40)/(p/(-5))?
4
Suppose -9 + 3 = -b. Suppose 3*x = -2*j + 7*j - b, 5*x = 15. Suppose 4*f = -j*p + 2*f + 38, 0 = 4*p + 3*f - 52. What is the units digit of p?
0
Let p(g) = -g**3 - 9*g**2 + 2*g + 11. Let h be p(-9). Let z = 30 + h. Let b = z - -2. What is the units digit of b?
5
What is the hundreds digit of (-4479)/(-9) - (-8)/(-12)?
4
Let a(j) = -j**2 + 11*j - 10. Let b be a(8). Let t = 18 - b. What is the units digit of -6*(-4)/24*t?
4
Suppose -5749 - 5141 = -11*r. What is the hundreds digit of r?
9
What is the units digit of 73/3 + 42/(-126)?
4
What is the hundreds digit of (63/(-35) + (-2)/10)*-132?
2
Let c = 24 - 24. Suppose -8*p + 7*p + 8 = c. What is the units digit of p?
8
Let k = 113 + -28. Let x = k - 55. What is the units digit of x?
0
Suppose 0 = 2*p - 5*f - 1587, 0 = p - 95*f + 91*f - 786. What is the tens digit of p?
0
Let p = 69 + -67. Suppose -7*x + p*x + 1180 = 0. What is the tens digit of x?
3
Let w = -1111 + 2599. What is the hundreds digit of w?
4
Suppose 5*n + 2*a - a - 47 = 0, -2*n + 5*a + 8 = 0. Let g = n - -20. What is the tens digit of g?
2
Suppose -c - 2 + 34 = 0. Let l be c + (3 - (0 + 3)). Suppose -l = -9*p + 7*p. What is the tens digit of p?
1
Let f(j) = -j**3 - 2*j. Let a be f(0). Suppose a = u - 6 - 81. What is the units digit of u?
7
What is the hundreds digit of (-753)/(-1) + (-35)/5?
7
Let j be (-10)/(-6)*((-26)/(-10) + 1). Suppose j*i = 7*i - 254. What is the tens digit of i?
5
Let b(c) = -1322*c**3 - c**2 - 11*c - 9. What is the thousands digit of b(-1)?
1
Suppose 131*m - 118*m - 62296 = 0. What is the thousands digit of m?
4
Let f be ((-648)/2)/(-4) - -1. Suppose -10 = 5*i, 2*s = i + i + f. What is the tens digit of s?
3
Let d(z) be the third derivative of z**5/30 + z**4/12 - 7*z**3/6 - 13*z**2. What is the tens digit of d(4)?
3
Suppose -2*f - 8 = 4*o, 0 = -2*f + 3*f - o - 5. Let v(m) = -5*m**f - 7 - 5*m - 2*m - m**2 - m**3. What is the units digit of v(-5)?
3
Suppose -5*m + 8041 = -3489. What is the hundreds digit of m?
3
What is the units digit of 10/(-8) + (-51373)/(-164)?
2
Suppose -4*v - s = -10465, 0*s - 5231 = -2*v + s. What is the tens digit of v/32 + 2/8?
8
Let x(z) = -23*z + 14. Let j(s) = 12*s - 7. Let k(l) = -7*j(l) - 4*x(l). What is the units digit of k(2)?
9
Suppose f - 606 = -3*y, -5*f + y + 3070 = 6*y. Let z = f + -336. What is the hundreds digit of z?
2
Let m(p) = -38*p + 4. Let f be m(3). Let w = f + 30. What is the tens digit of (-2 + w/(-12))*6?
2
Let k(h) = 9*h - 19. Let t be k(14). Let m = 89 + t. What is the hundreds digit of m?
1
Let q(d) = -4*d**2 - 18*d + 41. Let r(k) = -11*k**2 - 55*k + 124. Let f(u) = -8*q(u) + 3*r(u). What is the tens digit of f(-14)?
4
Let d = 3651 - 2055. What is the tens digit of d?
9
Let f(o) = -1 - 23*o + 3*o - 12 + 3*o**2. What is the tens digit of f(9)?
5
Let r(h) = 68*h + 13. Let t be r(7). Suppose 5*z - t + 14 = 3*n, 3*n - 2*z = -469. Let w = -97 - n. What is the tens digit of w?
5
What is the units digit of ((-4)/(-3))/((-14)/(-6321))?
2
Suppose 249*n - 246*n = 471. What is the tens digit of n?
5
Suppose 5*h = 16 + 29. Let t be h - 6 - (0 + -2). What is the units digit of 72/t + (-6)/15?
4
Let a(j) = j + 3. Let v be a(-8). Let z be (42/v)/(27/(-180)). Suppose -4*y + z = 4*k - 32, 3*y - k = 46. What is the tens digit of y?
1
Suppose 46*j = 43*j + 7509. What is the thousands digit of j?
2
Suppose -f - 2*b = -6*f + 2261, -10 = -5*b. What is the hundreds digit of f?
4
Let v be 18/(-48) + (-1643)/(-8). Let n = v - 132. What is the units digit of n?
3
Let h = 38 + -34. Suppose 3*d - h*d + 2*t + 93 = 0, -3*t - 186 = -2*d. What is the tens digit of d?
9
Suppose -3*j = -2*a - 68, -4*a - 6*j - 180 = -j. Let k = 77 + a. What is the tens digit of k?
3
Suppose 3*l = -2*l - 10. Let w = -4 - l. Let j = w + 7. What is the units digit of j?
5
Let n(t) = -t**2 + t + 2. Let z(j) = j**2 - 3*j - 4. Let r be z(4). Let x be n(r). Suppose -4*q + 137 = -5*a, -q + x*a = q - 70. What is the units digit of q?
8
Suppose s = o - 0*o - 4, 0 = -2*s + 2. Suppose 2*a - h = -16, a + o*h - 5 - 9 = 0. Let y = a - -23. What is the units digit of y?
7
Let v(h) = -8*h + 4. Let y be v(-4). Suppose -5*g - x = -3*x + y, -2*g = 2*x + 20. Let r = g - -17. What is the units digit of r?
9
Suppose 18*w = 15*w + 7533. What is the tens digit of w?
1
Suppose v + 2*x + 4 = 0, 7*x - 2*x + 9 = -3*v. Suppose -v*t = -3*y + 45, t - 75 = -5*y - t. What is the tens digit of y?
1
Let d(g) = g**2 - 8*g - 3. Let y be d(9). Suppose -204 = -8*w + y*w. What is the tens digit of w?
0
Let x be (14/4)/(2/(-8)). Let t = x + 5. What is the units digit of t/(-4) - (-10)/(-40)?
2
Let s be 13 + 1/((-3)/9). Let a = 15 - s. Suppose y - x + 3 = 0, -3*y + y = a*x - 29. What is the units digit of y?
2
Let c = 16 - 13. Suppose -1 + c = -h, -h = -3*l + 2. Suppose 3*b - 92 + 0 = 4*j, 3*b + 3*j - 78 = l. What is the tens digit of b?
2
Let w(n) = n**3 + n**2 - 4*n + 6. What is the units digit of w(2)?
0
Let q(n) = -n**3 - 72*n**2 + 131*n + 103. What is the units digit of q(-74)?
1
Suppose 0 = 120*g - 411424 + 25624. What is the hundreds digit of g?
2
Let z(c) = 9*c**2 - 15*c + 15. Let o(s) = s**2 - s + 1. Let j(a) = -6*o(a) + z(a). What is the tens digit of j(5)?
3
Suppose 9*o - 11*o + 1738 = 0. What is the tens digit of o?
6
Suppose -470*d + 468*d + 346 = 0. What is the hundreds digit of d?
1
Let v(f) = -8*f - 10. Let r be v(7). Let d be r/4*4/(-6). Let k(u) = 2*u + 13. What is the units digit of k(d)?
5
Suppose -47*y - 4784 = -55*y. What is the tens digit of y?
9
Let p(g) = g**2 + g - 7*g + 3*g - 3. Let x(y) = -y + 17. Let r be x(11). What is the units digit of p(r)?
5
Let d(f) = -f**2 + 8*f + 4. Let g = 7 - -1. What is the units digit of d(g)?
4
Let p(i) = -33*i + 10. Let x(o) = 22*o - 7. Let f(m) = -5*p(m) - 7*x(m). What is the tens digit of f(4)?
4
Let g(r) be the third derivative of -r**4/12 + 34*r**3/3 + r**2 + 3. What is the tens digit of g(26)?
1
Let h(f) = 464*f - 5. What is the hundreds digit of h(1)?
4
Let t = 39 + -16. Let r(s) = 2*s**3 - 19*s**2 + 10*s + 9. Let q be r(9). Suppose 0 = -t*p + q*p + 310. What is the units digit of p?
2
Let t(s) = 983*s - 114. What is the thousands digit of t(5)?
4